s -10 + -1c1?
-1d1
In base 12, what is 4 - 104?
-100
In base 12, what is -113 + 5?
-10a
In base 8, what is 1 - -705?
706
In base 11, what is -7 + -3a?
-46
In base 5, what is 1441 - 0?
1441
In base 7, what is 65024 + -2?
65022
In base 9, what is -31 - -23?
-7
In base 4, what is 10 - 2000?
-1330
In base 6, what is -1104 + 1?
-1103
In base 14, what is -2a - b?
-37
In base 14, what is 211 - 1?
210
In base 3, what is -111111 + -102?
-111220
In base 14, what is -24c - -12?
-23a
In base 10, what is 4 - -4112?
4116
In base 5, what is -12 + 1223?
1211
In base 9, what is -138 + -13?
-152
In base 12, what is 25 - 1b?
6
In base 3, what is -111010 - -1?
-111002
In base 8, what is -4 + -2154?
-2160
In base 10, what is 633 - -3?
636
In base 12, what is -75 - 6?
-7b
In base 5, what is 0 - 23211?
-23211
In base 14, what is a - 25?
-19
In base 4, what is 2220232 + -2?
2220230
In base 5, what is -14 - 1434?
-2003
In base 2, what is 111 + 1011101?
1100100
In base 12, what is -2230 + 3?
-2229
In base 8, what is -7 + -332?
-341
In base 6, what is -2 - 4?
-10
In base 10, what is 34 + 4?
38
In base 10, what is -2 + 29?
27
In base 11, what is 30 + -46?
-16
In base 7, what is -10 + -12?
-22
In base 8, what is 5 + 2576?
2603
In base 5, what is 0 + -2324?
-2324
In base 10, what is -6 + -155?
-161
In base 11, what is -18 - 6a4?
-711
In base 9, what is -18647 - 0?
-18647
In base 13, what is -10 - -53?
43
In base 6, what is 130 + 34?
204
In base 6, what is -24255 - -2?
-24253
In base 11, what is 204 - -5?
209
In base 5, what is -13132 + -10?
-13142
In base 16, what is -8 + -30?
-38
In base 2, what is 101 + -11?
10
In base 12, what is -206a - 4?
-2072
In base 5, what is -32101 + 3?
-32043
In base 11, what is 1 - 45?
-44
In base 8, what is -2 + 5127?
5125
In base 12, what is -768 - 3?
-76b
In base 14, what is -4c1 + 0?
-4c1
In base 13, what is 14a + 6?
153
In base 16, what is 2 + 4ac?
4ae
In base 3, what is 11 - -121200?
121211
In base 10, what is -57 + -57?
-114
In base 16, what is 4 + -10c?
-108
In base 16, what is 3 - -3?
6
In base 15, what is 3b - -1?
3c
In base 6, what is -35 + 23?
-12
In base 13, what is -560b + -3?
-5611
In base 7, what is -25 + 2002?
1644
In base 4, what is 30 - -11?
101
In base 5, what is 20210 - -2?
20212
In base 4, what is -131 + 3120?
2323
In base 11, what is 0 - 179?
-179
In base 6, what is 2040 - 5?
2031
In base 4, what is -20 - -1000?
320
In base 10, what is -685 + -2?
-687
In base 8, what is 43 + 1?
44
In base 13, what is -5 + 30?
28
In base 10, what is -4 - 6014?
-6018
In base 7, what is -2 + -34?
-36
In base 10, what is 10 - 172?
-162
In base 14, what is -671 - 4?
-675
In base 14, what is 2 + 69?
6b
In base 16, what is 5 + -2?
3
In base 6, what is -3251 - -1?
-3250
In base 5, what is 101240 - 2?
101233
In base 16, what is 3 - -97?
9a
In base 5, what is -2431 - -13?
-2413
In base 12, what is -1 + -8?
-9
In base 15, what is 10 + 184?
194
In base 12, what is 50 - 81?
-31
In base 15, what is -1 - 3c?
-3d
In base 11, what is -19 - 0?
-19
In base 3, what is 12 + 2112?
2201
In base 15, what is -26 + -2?
-28
In base 2, what is 11100110 + -11111?
11000111
In base 13, what is -806b - -3?
-8068
In base 11, what is -3838 + -3?
-3840
In base 11, what is 2 - 558?
-556
In base 5, what is 41 - 34?
2
In base 8, what is 634 - 5?
627
In base 2, what is 101 - 1010101100?
-1010100111
In base 4, what is -203132 - -2?
-203130
In base 8, what is 17 - 23?
-4
In base 3, what is -1101200 - 20?
-1101220
In base 8, what is 25 - 543?
-516
In base 8, what is 35614 + -2?
35612
In base 7, what is 233 - -2?
235
In base 6, what is -4 + 2025?
2021
In base 15, what is 5 - -43b?
441
In base 6, what is 113 + 214?
331
In base 15, what is -2 + -51?
-53
In base 3, what is 1021 - 102002?
-100211
In base 14, what is 44 + 47?
8b
In base 4, what is 2023 + -11?
2012
In base 2, what is -10011 + -1100?
-11111
In base 13, what is -2 + 34?
32
In base 5, what is 0 + -44?
-44
In base 11, what is -333a - 4?
-3343
In base 5, what is 230 - 13?
212
In base 8, what is 5005 + 0?
5005
In base 9, what is -1 + 20?
18
In base 6, what is 15331 - -5?
15340
In base 14, what is -40a + -3?
-40d
In base 5, what is 20 + -10413?
-10343
In base 5, what is 210304 - 3?
210301
In base 7, what is -6 + -4?
-13
In base 4, what is -1 + -111?
-112
In base 7, what is -4 + 0?
-4
In base 13, what is -188 - 7?
-192
In base 15, what is 25cc + 2?
25ce
In base 13, what is 2 + -64?
-62
In base 14, what is 3 - -926?
929
In base 14, what is 3 + 5c?
61
In base 5, what is -11 + 4?
-2
In base 14, what is -1 - 255?
-256
In base 12, what is -bb + 1?
-ba
In base 11, what is 1 - 37?
-36
In base 11, what is 1 + -13?
-12
In base 5, what is 2 + -120?
-113
In base 7, what is -5 + -36?
-44
In base 12, what is 1a73 + 4?
1a77
In base 7, what is -1 + -2405?
-2406
In base 4, what is 123 + 30233?
31022
In base 13, what is -15 + -10?
-25
In base 4, what is -311 + 1?
-310
In base 15, what is 25 - -14?
39
In base 4, what is 2 - 12212?
-12210
In base 8, what is -517 - -17?
-500
In base 8, what is 41 - 114?
-53
In base 12, what is 6 + 615?
61b
In base 2, what is -1100 + -1000011?
-1001111
In base 14, what is cd + 1?
d0
In base 7, what is -121 - -223?
102
In base 12, what is 1 + -151?
-150
In base 3, what is 12 + 1121?
1210
In base 4, what is 132031 - 0?
132031
In base 16, what is 2 - -415?
417
In base 4, what is 33 + 10011?
10110
In base 9, what is -2 - -37?
35
In base 9, what is -102 - -1?
-101
In base 2, what is 1001100 - -1110?
1011010
In base 11, what is 28 + -12a?
-102
In base 10, what is 52 + 1?
53
In base 9, what is 1 - -77?
78
In base 2, what is -100100010011011 + 0?
-100100010011011
In base 10, what is 1 - 0?
1
In base 5, what is 32222 - -1?
32223
In base 15, what is -1c4 - -2?
-1c2
In base 7, what is -12063 + 3?
-12060
In base 6, what is -53 - -1?
-52
In base 5, what is 4 + -23401?
-23342
In base 4, what is -101 - -2?
-33
In base 6, what is 0 + -2?
-2
In base 5, what is 1 - -321?
322
In base 3, what is -12 + 1222020?
1222001
In base 6, what is 1 + 4201?
4202
In base 8, what is 23074 - -3?
23077
In base 6, what is 2 + 205?
211
In base 3, what is 221211110 + 0?
221211110
In base 13, what is 8 + 1?
9
In base 4, what is -12 - 3010?
-3022
In base 12, what is -52 - 5?
-57
In base 10, what is -4 + -639?
-643
In base 13, what is -40 + 6?
-37
In base 9, what is 443 + -3?
440
In base 7, what is 0 - 105?
-105
In base 4, what is 211 + -1?
210
In base 14, what is 115 + 5?
11a
In base 10, what is 5 + 3884?
3889
In base 14, what is -9ac - 4?
-9b2
In base 5, what is 4 - 1401?
-1342
In base 13, what is -34 + 1?
-33
In base 3, what is 221 - -1020?
2011
In base 7, what is 1 - -1533?
1534
In base 11, what is 15 - -6?
20
In base 6, what is 1 - -12554?
12555
In base 3, what is -1011100 + 21?
-1011002
In base 3, what is 100 - 11101?
-11001
In base 8, what is 147 - 135?
12
In base 15, what is 1d6 + 4?
1da
In base 16, what is -426 + -1?
-427
In base 3, what is -2 - -110200?
110121
In base 14, what is 745 - 5?
740
In base 7, what is 1 - 234?
-233
In base 7, what is 2 - 112?
-110
In base 4, what is -1112 + 22?
-1030
In base 11, what is -2 - -3?
1
In base 12, what is -150a - 5?
-1513
In base 10, what is -11 - 166?
-177
In base 5, what is 422022 + -3?
422014
In base 10, what is 1189 - -4?
1193
In base 13, what is 0 + -74?
-74
In base 6, what is 152 - -111?
303
In base 4, what is -22010 - 2?
-22012
In base 14, what is -5 + 56?
51
In base 12, what is -5 + 79?
74
In base 8, what is -3232 + -11?
-3243
In base 5, what is -3 - 10014?
-10022
In base 9, what is 128 - -82?
221
In base 4, what is -12302 + -1?
-12303
In base 8, what is -1 - -3?
2
In base 13, what is -b08 + 7?
-b01
In base 11, what is -1 - -105?
104
In base 10, what is -62 - -26?
-36
In base 2, what is 101000000000 - 100?
100111111100
In base 16, what is 4df + d?
4ec
In base 8, what is -6 + 123?
115
In base 6, what is -3 + 1010?
1003
In base 6, what is -1102 + -2?
-1104
In base 2, what is 111110000 - 101?
111101011
In base 3, what is -22221 - 2?
-100000
In base 13, what is c9 + -2?
c7
In base 5, what is -1042 - 12?
-1104
In base 16, what is 4 - 30?
-2c
In base 3, what is -10 - -101?
21
In base 12, what is -1 + -56?
-57
In base 5, what is 110 + 3?
113
In base 3, what is 10 + -2000?
-1220
In base 15, what is -14